{"id":15336,"date":"2026-05-05T18:06:22","date_gmt":"2026-05-05T22:06:22","guid":{"rendered":"https:\/\/www.servicronos.com\/wordpress\/?page_id=15336"},"modified":"2026-05-05T18:58:34","modified_gmt":"2026-05-05T22:58:34","slug":"campeonato-nacional-de-trail-running-2026","status":"publish","type":"page","link":"https:\/\/www.servicronos.com\/wordpress\/campeonato-nacional-de-trail-running-2026\/","title":{"rendered":"Campeonato Nacional de Trail Running 2026"},"content":{"rendered":"\t\t<div data-elementor-type=\"wp-page\" data-elementor-id=\"15336\" class=\"elementor elementor-15336\" data-elementor-post-type=\"page\">\n\t\t\t\t<div class=\"elementor-element elementor-element-7c2eeaf2 e-flex e-con-boxed wpr-particle-no wpr-jarallax-no wpr-parallax-no wpr-sticky-section-no e-con e-parent\" data-id=\"7c2eeaf2\" data-element_type=\"container\">\n\t\t\t\t\t<div class=\"e-con-inner\">\n\t\t<div class=\"elementor-element elementor-element-6504457c e-con-full e-flex wpr-particle-no wpr-jarallax-no wpr-parallax-no wpr-sticky-section-no e-con e-child\" data-id=\"6504457c\" data-element_type=\"container\">\n\t\t\t\t<div class=\"elementor-element elementor-element-1d18d6d2 elementor-widget elementor-widget-image\" data-id=\"1d18d6d2\" data-element_type=\"widget\" data-widget_type=\"image.default\">\n\t\t\t\t<div class=\"elementor-widget-container\">\n\t\t\t\t\t\t\t\t\t\t\t\t\t\t\t<img fetchpriority=\"high\" decoding=\"async\" width=\"800\" height=\"1000\" src=\"https:\/\/www.servicronos.com\/wordpress\/wp-content\/uploads\/2026\/05\/fpa_26.jpg\" class=\"attachment-large size-large wp-image-15339\" alt=\"\" srcset=\"https:\/\/www.servicronos.com\/wordpress\/wp-content\/uploads\/2026\/05\/fpa_26.jpg 1638w, https:\/\/www.servicronos.com\/wordpress\/wp-content\/uploads\/2026\/05\/fpa_26-240x300.jpg 240w, https:\/\/www.servicronos.com\/wordpress\/wp-content\/uploads\/2026\/05\/fpa_26-120x150.jpg 120w, https:\/\/www.servicronos.com\/wordpress\/wp-content\/uploads\/2026\/05\/fpa_26-768x960.jpg 768w, https:\/\/www.servicronos.com\/wordpress\/wp-content\/uploads\/2026\/05\/fpa_26-1229x1536.jpg 1229w, https:\/\/www.servicronos.com\/wordpress\/wp-content\/uploads\/2026\/05\/fpa_26-600x750.jpg 600w\" sizes=\"(max-width: 800px) 100vw, 800px\" \/>\t\t\t\t\t\t\t\t\t\t\t\t\t\t\t<\/div>\n\t\t\t\t<\/div>\n\t\t\t\t<div class=\"elementor-element elementor-element-72672466 elementor-widget elementor-widget-heading\" data-id=\"72672466\" data-element_type=\"widget\" data-widget_type=\"heading.default\">\n\t\t\t\t<div class=\"elementor-widget-container\">\n\t\t\t\t\t<h2 class=\"elementor-heading-title elementor-size-default\">Campeonato Nacional de Trail Running 2026<\/h2>\t\t\t\t<\/div>\n\t\t\t\t<\/div>\n\t\t\t\t<\/div>\n\t\t<div class=\"elementor-element elementor-element-53528f05 e-con-full e-flex wpr-particle-no wpr-jarallax-no wpr-parallax-no wpr-sticky-section-no e-con e-child\" data-id=\"53528f05\" data-element_type=\"container\">\n\t\t\t\t<div class=\"elementor-element elementor-element-1f0788a9 elementor-countdown--label-block elementor-widget elementor-widget-countdown\" data-id=\"1f0788a9\" data-element_type=\"widget\" data-widget_type=\"countdown.default\">\n\t\t\t\t<div class=\"elementor-widget-container\">\n\t\t\t\t\t\t\t<div class=\"elementor-countdown-wrapper\" data-date=\"1778904000\">\n\t\t\t<div class=\"elementor-countdown-item\"><span class=\"elementor-countdown-digits elementor-countdown-days\"><\/span> <span class=\"elementor-countdown-label\">D\u00edas<\/span><\/div><div class=\"elementor-countdown-item\"><span class=\"elementor-countdown-digits elementor-countdown-hours\"><\/span> <span class=\"elementor-countdown-label\">Horas<\/span><\/div><div class=\"elementor-countdown-item\"><span class=\"elementor-countdown-digits elementor-countdown-minutes\"><\/span> <span class=\"elementor-countdown-label\">Minutos<\/span><\/div><div class=\"elementor-countdown-item\"><span class=\"elementor-countdown-digits elementor-countdown-seconds\"><\/span> <span class=\"elementor-countdown-label\">Segundos<\/span><\/div>\t\t<\/div>\n\t\t\t\t\t\t<\/div>\n\t\t\t\t<\/div>\n\t\t\t\t<div class=\"elementor-element elementor-element-3f07bc21 elementor-widget elementor-widget-text-editor\" data-id=\"3f07bc21\" data-element_type=\"widget\" data-widget_type=\"text-editor.default\">\n\t\t\t\t<div class=\"elementor-widget-container\">\n\t\t\t\t\t\t\t\t\t<p>16 y 17 de Mayo 2026 |\u00a0 Colonia Independencia<\/p>\t\t\t\t\t\t\t\t<\/div>\n\t\t\t\t<\/div>\n\t\t\t\t<div class=\"elementor-element elementor-element-44b893d4 elementor-widget elementor-widget-text-editor\" data-id=\"44b893d4\" data-element_type=\"widget\" data-widget_type=\"text-editor.default\">\n\t\t\t\t<div class=\"elementor-widget-container\">\n\t\t\t\t\t\t\t\t\t<p><span style=\"color: #000000;\"><strong>Ubicaci\u00f3n<\/strong>: Colonia Independencia &#8211; Ybytyruz\u00fa<\/span><\/p>\t\t\t\t\t\t\t\t<\/div>\n\t\t\t\t<\/div>\n\t\t\t\t<div class=\"elementor-element elementor-element-27b95bb4 elementor-widget elementor-widget-google_maps\" data-id=\"27b95bb4\" data-element_type=\"widget\" data-widget_type=\"google_maps.default\">\n\t\t\t\t<div class=\"elementor-widget-container\">\n\t\t\t\t\t\t\t<div class=\"elementor-custom-embed\">\n\t\t\t<iframe loading=\"lazy\"\n\t\t\t\t\tsrc=\"https:\/\/maps.google.com\/maps?q=Colonia%20Independecia%20-%20guaira&#038;t=m&#038;z=13&#038;output=embed&#038;iwloc=near\"\n\t\t\t\t\ttitle=\"Colonia Independecia - guaira\"\n\t\t\t\t\taria-label=\"Colonia Independecia - guaira\"\n\t\t\t><\/iframe>\n\t\t<\/div>\n\t\t\t\t\t\t<\/div>\n\t\t\t\t<\/div>\n\t\t\t\t<div class=\"elementor-element elementor-element-6c2efdeb elementor-widget-divider--view-line elementor-widget elementor-widget-divider\" data-id=\"6c2efdeb\" data-element_type=\"widget\" data-widget_type=\"divider.default\">\n\t\t\t\t<div class=\"elementor-widget-container\">\n\t\t\t\t\t\t\t<div class=\"elementor-divider\">\n\t\t\t<span class=\"elementor-divider-separator\">\n\t\t\t\t\t\t<\/span>\n\t\t<\/div>\n\t\t\t\t\t\t<\/div>\n\t\t\t\t<\/div>\n\t\t\t\t<\/div>\n\t\t<div class=\"elementor-element elementor-element-47761595 e-con-full e-flex wpr-particle-no wpr-jarallax-no wpr-parallax-no wpr-sticky-section-no e-con e-child\" data-id=\"47761595\" data-element_type=\"container\">\n\t\t\t\t<div class=\"elementor-element elementor-element-59c390ee elementor-widget elementor-widget-heading\" data-id=\"59c390ee\" data-element_type=\"widget\" data-widget_type=\"heading.default\">\n\t\t\t\t<div class=\"elementor-widget-container\">\n\t\t\t\t\t<h2 class=\"elementor-heading-title elementor-size-default\">Costos de Inscripci\u00f3n<\/h2>\t\t\t\t<\/div>\n\t\t\t\t<\/div>\n\t\t\t\t<div class=\"elementor-element elementor-element-15b45312 elementor-widget elementor-widget-text-editor\" data-id=\"15b45312\" data-element_type=\"widget\" data-widget_type=\"text-editor.default\">\n\t\t\t\t<div class=\"elementor-widget-container\">\n\t\t\t\t\t\t\t\t\t<ul><li>Classic 14k: 210.000 Gs<\/li><li>Short 50K: 600.000 Gs<\/li><li>Remera Opcional: 100.000 Gs<\/li><\/ul>\t\t\t\t\t\t\t\t<\/div>\n\t\t\t\t<\/div>\n\t\t\t\t<div class=\"elementor-element elementor-element-945517b elementor-widget elementor-widget-heading\" data-id=\"945517b\" data-element_type=\"widget\" data-widget_type=\"heading.default\">\n\t\t\t\t<div class=\"elementor-widget-container\">\n\t\t\t\t\t<h2 class=\"elementor-heading-title elementor-size-default\">Kit del Corredor<\/h2>\t\t\t\t<\/div>\n\t\t\t\t<\/div>\n\t\t\t\t<div class=\"elementor-element elementor-element-7d4ac096 elementor-widget elementor-widget-text-editor\" data-id=\"7d4ac096\" data-element_type=\"widget\" data-widget_type=\"text-editor.default\">\n\t\t\t\t<div class=\"elementor-widget-container\">\n\t\t\t\t\t\t\t\t\t<ul><li>Remera<\/li><li>Dorsal<\/li><li>Regalos de los auspiciantes<\/li><\/ul>\t\t\t\t\t\t\t\t<\/div>\n\t\t\t\t<\/div>\n\t\t\t\t<div class=\"elementor-element elementor-element-5a26e315 elementor-widget elementor-widget-heading\" data-id=\"5a26e315\" data-element_type=\"widget\" data-widget_type=\"heading.default\">\n\t\t\t\t<div class=\"elementor-widget-container\">\n\t\t\t\t\t<h2 class=\"elementor-heading-title elementor-size-default\">Programaci\u00f3n del Evento<\/h2>\t\t\t\t<\/div>\n\t\t\t\t<\/div>\n\t\t\t\t<div class=\"elementor-element elementor-element-5df6e2c1 elementor-widget elementor-widget-text-editor\" data-id=\"5df6e2c1\" data-element_type=\"widget\" data-widget_type=\"text-editor.default\">\n\t\t\t\t<div class=\"elementor-widget-container\">\n\t\t\t\t\t\t\t\t\t<p>Pr\u00f3ximamente<\/p>\t\t\t\t\t\t\t\t<\/div>\n\t\t\t\t<\/div>\n\t\t\t\t<div class=\"elementor-element elementor-element-19ce49c3 elementor-widget elementor-widget-heading\" data-id=\"19ce49c3\" data-element_type=\"widget\" data-widget_type=\"heading.default\">\n\t\t\t\t<div class=\"elementor-widget-container\">\n\t\t\t\t\t<h2 class=\"elementor-heading-title elementor-size-default\">Premiaci\u00f3n<\/h2>\t\t\t\t<\/div>\n\t\t\t\t<\/div>\n\t\t\t\t<div class=\"elementor-element elementor-element-664638a3 elementor-widget elementor-widget-text-editor\" data-id=\"664638a3\" data-element_type=\"widget\" data-widget_type=\"text-editor.default\">\n\t\t\t\t<div class=\"elementor-widget-container\">\n\t\t\t\t\t\t\t\t\t<ul><li>Generales masculino y femenino hasta el tercer puesto\u00a0<\/li><\/ul>\t\t\t\t\t\t\t\t<\/div>\n\t\t\t\t<\/div>\n\t\t\t\t<div class=\"elementor-element elementor-element-56822d5f elementor-widget elementor-widget-heading\" data-id=\"56822d5f\" data-element_type=\"widget\" data-widget_type=\"heading.default\">\n\t\t\t\t<div class=\"elementor-widget-container\">\n\t\t\t\t\t<h2 class=\"elementor-heading-title elementor-size-default\">Descargas<\/h2>\t\t\t\t<\/div>\n\t\t\t\t<\/div>\n\t\t\t\t<div class=\"elementor-element elementor-element-5dd88f33 elementor-align-center elementor-widget elementor-widget-button\" data-id=\"5dd88f33\" data-element_type=\"widget\" data-widget_type=\"button.default\">\n\t\t\t\t<div class=\"elementor-widget-container\">\n\t\t\t\t\t\t\t\t\t<div class=\"elementor-button-wrapper\">\n\t\t\t\t\t<a class=\"elementor-button elementor-size-sm\" role=\"button\">\n\t\t\t\t\t\t<span class=\"elementor-button-content-wrapper\">\n\t\t\t\t\t\t\t\t\t<span class=\"elementor-button-text\">Terminos de responsabilidad<\/span>\n\t\t\t\t\t<\/span>\n\t\t\t\t\t<\/a>\n\t\t\t\t<\/div>\n\t\t\t\t\t\t\t\t<\/div>\n\t\t\t\t<\/div>\n\t\t\t\t<div class=\"elementor-element elementor-element-5f889094 elementor-align-center elementor-widget elementor-widget-button\" data-id=\"5f889094\" data-element_type=\"widget\" data-widget_type=\"button.default\">\n\t\t\t\t<div class=\"elementor-widget-container\">\n\t\t\t\t\t\t\t\t\t<div class=\"elementor-button-wrapper\">\n\t\t\t\t\t<a class=\"elementor-button elementor-size-sm\" role=\"button\">\n\t\t\t\t\t\t<span class=\"elementor-button-content-wrapper\">\n\t\t\t\t\t\t\t\t\t<span class=\"elementor-button-text\">Retiro de kits por terceros<\/span>\n\t\t\t\t\t<\/span>\n\t\t\t\t\t<\/a>\n\t\t\t\t<\/div>\n\t\t\t\t\t\t\t\t<\/div>\n\t\t\t\t<\/div>\n\t\t\t\t<div class=\"elementor-element elementor-element-2e08ea17 elementor-align-center elementor-widget elementor-widget-button\" data-id=\"2e08ea17\" data-element_type=\"widget\" data-widget_type=\"button.default\">\n\t\t\t\t<div class=\"elementor-widget-container\">\n\t\t\t\t\t\t\t\t\t<div class=\"elementor-button-wrapper\">\n\t\t\t\t\t<a class=\"elementor-button elementor-size-sm\" role=\"button\">\n\t\t\t\t\t\t<span class=\"elementor-button-content-wrapper\">\n\t\t\t\t\t\t\t\t\t<span class=\"elementor-button-text\">Reglamento<\/span>\n\t\t\t\t\t<\/span>\n\t\t\t\t\t<\/a>\n\t\t\t\t<\/div>\n\t\t\t\t\t\t\t\t<\/div>\n\t\t\t\t<\/div>\n\t\t\t\t<div class=\"elementor-element elementor-element-32bc4c74 elementor-widget elementor-widget-heading\" data-id=\"32bc4c74\" data-element_type=\"widget\" data-widget_type=\"heading.default\">\n\t\t\t\t<div class=\"elementor-widget-container\">\n\t\t\t\t\t<h2 class=\"elementor-heading-title elementor-size-default\"><b>Inscripci\u00f3n<\/b><\/h2>\t\t\t\t<\/div>\n\t\t\t\t<\/div>\n\t\t\t\t<div class=\"elementor-element elementor-element-5fa526ff elementor-widget elementor-widget-text-editor\" data-id=\"5fa526ff\" data-element_type=\"widget\" data-widget_type=\"text-editor.default\">\n\t\t\t\t<div class=\"elementor-widget-container\">\n\t\t\t\t\t\t\t\t\t<p><b>C\u00f3mo Inscribirse:<\/b><\/p><ol><li>Realiz\u00e1 tu preinscripci\u00f3n en el bot\u00f3n &#8220;Inscribase&#8221;.<\/li><li>Completa el formulario de inscripci\u00f3n con tus datos personales.<\/li><li>Selecciona la distancia en la que deseas participar y el tama\u00f1o de remera, confirma tu preinscripci\u00f3n.<\/li><li>Para reservar tu cupo, ya puedes realizar el pago de la preinscripci\u00f3n en el numero de cuenta indicado m\u00e1s abajo, .<\/li><\/ol>\t\t\t\t\t\t\t\t<\/div>\n\t\t\t\t<\/div>\n\t\t\t\t<div class=\"elementor-element elementor-element-e6d7e6a elementor-widget elementor-widget-text-editor\" data-id=\"e6d7e6a\" data-element_type=\"widget\" data-widget_type=\"text-editor.default\">\n\t\t\t\t<div class=\"elementor-widget-container\">\n\t\t\t\t\t\t\t\t\t<p>Transferir al numero de Cuenta de:<\/p><p><strong> Kings trail club\u00a0<\/strong><\/p><p><strong>Numero de cuenta:<\/strong> 6192026054<\/p><p><strong>Banco UENO<\/strong><\/p>\t\t\t\t\t\t\t\t<\/div>\n\t\t\t\t<\/div>\n\t\t\t\t<div class=\"elementor-element elementor-element-614b98c2 elementor-widget-divider--view-line elementor-widget elementor-widget-divider\" data-id=\"614b98c2\" data-element_type=\"widget\" data-widget_type=\"divider.default\">\n\t\t\t\t<div class=\"elementor-widget-container\">\n\t\t\t\t\t\t\t<div class=\"elementor-divider\">\n\t\t\t<span class=\"elementor-divider-separator\">\n\t\t\t\t\t\t<\/span>\n\t\t<\/div>\n\t\t\t\t\t\t<\/div>\n\t\t\t\t<\/div>\n\t\t\t\t<\/div>\n\t\t\t\t\t<\/div>\n\t\t\t\t<\/div>\n\t\t\t\t<\/div>\n\t\t","protected":false},"excerpt":{"rendered":"<p>Campeonato Nacional de Trail Running 2026 D\u00edas Horas Minutos Segundos 16 y 17 de Mayo 2026 |\u00a0 Colonia Independencia Ubicaci\u00f3n: Colonia Independencia &#8211; Ybytyruz\u00fa Costos de Inscripci\u00f3n Classic 14k: 210.000 Gs Short 50K: 600.000 Gs Remera Opcional: 100.000 Gs Kit del Corredor Remera Dorsal Regalos de los auspiciantes Programaci\u00f3n del Evento Pr\u00f3ximamente Premiaci\u00f3n Generales masculino y femenino hasta el tercer puesto\u00a0 Descargas Terminos de responsabilidad Retiro de kits por terceros Reglamento Inscripci\u00f3n C\u00f3mo Inscribirse: Realiz\u00e1 tu preinscripci\u00f3n en el bot\u00f3n &#8220;Inscribase&#8221;. Completa el formulario de inscripci\u00f3n con tus datos personales. Selecciona la distancia en la que deseas participar y el tama\u00f1o de remera, confirma tu preinscripci\u00f3n. Para reservar tu cupo, ya puedes realizar el pago de la preinscripci\u00f3n en el numero de cuenta indicado m\u00e1s abajo, . Transferir al numero de Cuenta de: Kings trail club\u00a0 Numero de cuenta: 6192026054 Banco UENO<\/p>\n","protected":false},"author":1,"featured_media":0,"parent":0,"menu_order":0,"comment_status":"closed","ping_status":"closed","template":"elementor_canvas","meta":{"_uag_custom_page_level_css":"","footnotes":""},"class_list":["post-15336","page","type-page","status-publish","hentry"],"uagb_featured_image_src":{"full":false,"thumbnail":false,"medium":false,"medium_large":false,"large":false,"1536x1536":false,"2048x2048":false,"woocommerce_thumbnail":false,"woocommerce_single":false,"woocommerce_gallery_thumbnail":false},"uagb_author_info":{"display_name":"servicronos.com","author_link":"https:\/\/www.servicronos.com\/wordpress\/author\/servicronos-com\/"},"uagb_comment_info":0,"uagb_excerpt":"Campeonato Nacional de Trail Running 2026 D\u00edas Horas Minutos Segundos 16 y 17 de Mayo 2026 |\u00a0 Colonia Independencia Ubicaci\u00f3n: Colonia Independencia &#8211; Ybytyruz\u00fa Costos de Inscripci\u00f3n Classic 14k: 210.000 Gs Short 50K: 600.000 Gs Remera Opcional: 100.000 Gs Kit del Corredor Remera Dorsal Regalos de los auspiciantes Programaci\u00f3n del Evento Pr\u00f3ximamente Premiaci\u00f3n Generales masculino&hellip;","_links":{"self":[{"href":"https:\/\/www.servicronos.com\/wordpress\/wp-json\/wp\/v2\/pages\/15336","targetHints":{"allow":["GET"]}}],"collection":[{"href":"https:\/\/www.servicronos.com\/wordpress\/wp-json\/wp\/v2\/pages"}],"about":[{"href":"https:\/\/www.servicronos.com\/wordpress\/wp-json\/wp\/v2\/types\/page"}],"author":[{"embeddable":true,"href":"https:\/\/www.servicronos.com\/wordpress\/wp-json\/wp\/v2\/users\/1"}],"replies":[{"embeddable":true,"href":"https:\/\/www.servicronos.com\/wordpress\/wp-json\/wp\/v2\/comments?post=15336"}],"version-history":[{"count":13,"href":"https:\/\/www.servicronos.com\/wordpress\/wp-json\/wp\/v2\/pages\/15336\/revisions"}],"predecessor-version":[{"id":15352,"href":"https:\/\/www.servicronos.com\/wordpress\/wp-json\/wp\/v2\/pages\/15336\/revisions\/15352"}],"wp:attachment":[{"href":"https:\/\/www.servicronos.com\/wordpress\/wp-json\/wp\/v2\/media?parent=15336"}],"curies":[{"name":"wp","href":"https:\/\/api.w.org\/{rel}","templated":true}]}}